{"id":7232,"date":"2024-03-26T10:40:36","date_gmt":"2024-03-26T10:40:36","guid":{"rendered":"https:\/\/tbhilfe.org\/?page_id=7232"},"modified":"2026-03-20T09:07:13","modified_gmt":"2026-03-20T09:07:13","slug":"mang-luoi-sparks","status":"publish","type":"page","link":"https:\/\/tbhelp.org\/?page_id=7232&lang=de","title":{"rendered":"SPARKS-Netzwerk"},"content":{"rendered":"\t\t<div data-elementor-type=\"wp-page\" data-elementor-id=\"7232\" class=\"elementor elementor-7232 elementor-7182\" data-elementor-post-type=\"page\">\n\t\t\t\t\t\t<section class=\"elementor-section elementor-top-section elementor-element elementor-element-e1be37b elementor-section-stretched elementor-section-height-min-height elementor-section-items-top elementor-section-boxed elementor-section-height-default\" data-id=\"e1be37b\" data-element_type=\"section\" data-settings=\"{&quot;stretch_section&quot;:&quot;section-stretched&quot;,&quot;background_background&quot;:&quot;classic&quot;}\">\n\t\t\t\t\t\t<div class=\"elementor-container elementor-column-gap-no\">\n\t\t\t\t\t<div class=\"elementor-column elementor-col-100 elementor-top-column elementor-element elementor-element-f92ca80\" data-id=\"f92ca80\" data-element_type=\"column\">\n\t\t\t<div class=\"elementor-widget-wrap elementor-element-populated\">\n\t\t\t\t\t\t<div class=\"elementor-element elementor-element-4a18983 elementor-absolute elementor-widget elementor-widget-heading\" data-id=\"4a18983\" data-element_type=\"widget\" data-settings=\"{&quot;_position&quot;:&quot;absolute&quot;}\" data-widget_type=\"heading.default\">\n\t\t\t\t<div class=\"elementor-widget-container\">\n\t\t\t<h2 class=\"elementor-heading-title elementor-size-default\">SPARKS-Netzwerk<\/h2>\t\t<\/div>\n\t\t\t\t<\/div>\n\t\t\t\t\t<\/div>\n\t\t<\/div>\n\t\t\t\t\t<\/div>\n\t\t<\/section>\n\t\t\t\t<section class=\"elementor-section elementor-top-section elementor-element elementor-element-cd545fb elementor-section-boxed elementor-section-height-default elementor-section-height-default\" data-id=\"cd545fb\" data-element_type=\"section\">\n\t\t\t\t\t\t<div class=\"elementor-container elementor-column-gap-default\">\n\t\t\t\t\t<div class=\"elementor-column elementor-col-50 elementor-top-column elementor-element elementor-element-20c6b86\" data-id=\"20c6b86\" data-element_type=\"column\">\n\t\t\t<div class=\"elementor-widget-wrap elementor-element-populated\">\n\t\t\t\t\t\t<div class=\"elementor-element elementor-element-c5a5a11 elementor-widget elementor-widget-image\" data-id=\"c5a5a11\" data-element_type=\"widget\" data-widget_type=\"image.default\">\n\t\t\t\t<div class=\"elementor-widget-container\">\n\t\t\t\t\t\t\t\t\t\t\t\t\t<img loading=\"lazy\" decoding=\"async\" width=\"583\" height=\"133\" src=\"https:\/\/tbhelp.org\/wp-content\/uploads\/SPARKS-Network-logo.jpg\" class=\"attachment-large size-large wp-image-7493\" alt=\"\" \/>\t\t\t\t\t\t\t\t\t\t\t\t\t<\/div>\n\t\t\t\t<\/div>\n\t\t\t\t\t<\/div>\n\t\t<\/div>\n\t\t\t\t<div class=\"elementor-column elementor-col-50 elementor-top-column elementor-element elementor-element-e803d28\" data-id=\"e803d28\" data-element_type=\"column\">\n\t\t\t<div class=\"elementor-widget-wrap elementor-element-populated\">\n\t\t\t\t\t\t<div class=\"elementor-element elementor-element-505a8f6 elementor-widget__width-initial elementor-widget elementor-widget-text-editor\" data-id=\"505a8f6\" data-element_type=\"widget\" data-widget_type=\"text-editor.default\">\n\t\t\t\t<div class=\"elementor-widget-container\">\n\t\t\t\t\t\t\t<p>FIT beherbergt das Asia Regional Hub des <strong><em>SPARKS-Netzwerks (Social Protection for Action and Research in Knowledge Sharing)<\/em><\/strong>, einer globalen Zusammenarbeit zur F\u00f6rderung von Forschung, politischem Dialog und der Umsetzung von Strategien der sozialen Sicherung, um die sozialen Determinanten von Tuberkulose (TB) anzugehen.<\/p>\t\t\t\t\t\t<\/div>\n\t\t\t\t<\/div>\n\t\t\t\t\t<\/div>\n\t\t<\/div>\n\t\t\t\t\t<\/div>\n\t\t<\/section>\n\t\t\t\t<section class=\"elementor-section elementor-top-section elementor-element elementor-element-df8163f elementor-section-boxed elementor-section-height-default elementor-section-height-default\" data-id=\"df8163f\" data-element_type=\"section\">\n\t\t\t\t\t\t<div class=\"elementor-container elementor-column-gap-default\">\n\t\t\t\t\t<div class=\"elementor-column elementor-col-100 elementor-top-column elementor-element elementor-element-d2450c3\" data-id=\"d2450c3\" data-element_type=\"column\">\n\t\t\t<div class=\"elementor-widget-wrap elementor-element-populated\">\n\t\t\t\t\t\t<div class=\"elementor-element elementor-element-b70faf7 elementor-widget elementor-widget-text-editor\" data-id=\"b70faf7\" data-element_type=\"widget\" data-widget_type=\"text-editor.default\">\n\t\t\t\t<div class=\"elementor-widget-container\">\n\t\t\t\t\t\t\t<p>SPARKS war urspr\u00fcnglich am Karolinska Institutet angesiedelt, wo das Netzwerk gegr\u00fcndet und \u00fcber ein zentrales Sekretariat koordiniert wurde. Im Jahr 2022 ging das Netzwerk zu einer dezentralen Struktur \u00fcber, um die regionale Zusammenarbeit und F\u00fchrung zu st\u00e4rken. Es wurden drei regionale Hubs eingerichtet, unterst\u00fctzt von einem globalen Sekretariat und einem Lenkungsausschuss, die die Strategie und Governance des Netzwerks steuern.<\/p><p>Als Gastgeber des Asia Regional Hub koordiniert FIT die Zusammenarbeit zwischen Forschenden, nationalen TB-Programmen, zivilgesellschaftlichen Organisationen und politischen Partnern in S\u00fcd- und S\u00fcdostasien. Das Hub f\u00f6rdert den regionalen Wissensaustausch, unterst\u00fctzt die Implementierungsforschung und erleichtert Partnerschaften, die Evidenz dar\u00fcber liefern, wie Ma\u00dfnahmen und Programme der sozialen Sicherung die TB-Ergebnisse verbessern und die wirtschaftliche Belastung der Krankheit verringern k\u00f6nnen.<\/p><p>Durch diese Rolle tr\u00e4gt FIT dazu bei, regionale Innovationen und Forschung mit globalen politischen Diskussionen zu verkn\u00fcpfen, und bringt Evidenz sowie gewonnene Erkenntnisse in das breitere SPARKS-Netzwerk und in internationale Bem\u00fchungen ein, soziale Sicherung in TB-Strategien zu integrieren und Fortschritte in Richtung der End TB Strategy sowie einer universellen Gesundheitsversorgung zu erzielen.<\/p>\t\t\t\t\t\t<\/div>\n\t\t\t\t<\/div>\n\t\t\t\t\t<\/div>\n\t\t<\/div>\n\t\t\t\t\t<\/div>\n\t\t<\/section>\n\t\t\t\t<section class=\"elementor-section elementor-top-section elementor-element elementor-element-4f53f7f elementor-section-boxed elementor-section-height-default elementor-section-height-default\" data-id=\"4f53f7f\" data-element_type=\"section\">\n\t\t\t\t\t\t<div class=\"elementor-container elementor-column-gap-default\">\n\t\t\t\t\t<div class=\"elementor-column elementor-col-100 elementor-top-column elementor-element elementor-element-4589296\" data-id=\"4589296\" data-element_type=\"column\">\n\t\t\t<div class=\"elementor-widget-wrap elementor-element-populated\">\n\t\t\t\t\t\t<div class=\"elementor-element elementor-element-f32532d elementor-widget__width-initial elementor-widget elementor-widget-image\" data-id=\"f32532d\" data-element_type=\"widget\" data-widget_type=\"image.default\">\n\t\t\t\t<div class=\"elementor-widget-container\">\n\t\t\t\t\t\t\t\t\t\t\t\t\t<img loading=\"lazy\" decoding=\"async\" width=\"626\" height=\"466\" src=\"https:\/\/tbhelp.org\/wp-content\/uploads\/SPARKS-Network_Conceptual-Framework-for-TB-and-SPARKS_custom20250310110615.webp\" class=\"attachment-large size-large wp-image-7496\" alt=\"\" \/>\t\t\t\t\t\t\t\t\t\t\t\t\t<\/div>\n\t\t\t\t<\/div>\n\t\t\t\t<div class=\"elementor-element elementor-element-8b9e4cb elementor-widget__width-initial elementor-widget elementor-widget-text-editor\" data-id=\"8b9e4cb\" data-element_type=\"widget\" data-widget_type=\"text-editor.default\">\n\t\t\t\t<div class=\"elementor-widget-container\">\n\t\t\t\t\t\t\t<p style=\"text-align: center;\"><i>Konzeptioneller Rahmen. Photo: Sparks.<\/i><\/p>\t\t\t\t\t\t<\/div>\n\t\t\t\t<\/div>\n\t\t\t\t\t<\/div>\n\t\t<\/div>\n\t\t\t\t\t<\/div>\n\t\t<\/section>\n\t\t\t\t<section class=\"elementor-section elementor-top-section elementor-element elementor-element-85a7b6c elementor-section-boxed elementor-section-height-default elementor-section-height-default\" data-id=\"85a7b6c\" data-element_type=\"section\">\n\t\t\t\t\t\t<div class=\"elementor-container elementor-column-gap-default\">\n\t\t\t\t\t<div class=\"elementor-column elementor-col-100 elementor-top-column elementor-element elementor-element-b9b5123\" data-id=\"b9b5123\" data-element_type=\"column\">\n\t\t\t<div class=\"elementor-widget-wrap elementor-element-populated\">\n\t\t\t\t\t\t<div class=\"elementor-element elementor-element-2a56cdf elementor-widget elementor-widget-image\" data-id=\"2a56cdf\" data-element_type=\"widget\" data-widget_type=\"image.default\">\n\t\t\t\t<div class=\"elementor-widget-container\">\n\t\t\t\t\t\t\t\t\t\t\t\t\t<img loading=\"lazy\" decoding=\"async\" width=\"1024\" height=\"1024\" src=\"https:\/\/tbhelp.org\/wp-content\/uploads\/Sparks-meeting-in-November-2024-1024x1024.jpg\" class=\"attachment-large size-large wp-image-7499\" alt=\"\" srcset=\"https:\/\/tbhelp.org\/wp-content\/uploads\/Sparks-meeting-in-November-2024-1024x1024.jpg 1024w, https:\/\/tbhelp.org\/wp-content\/uploads\/Sparks-meeting-in-November-2024-300x300.jpg 300w, https:\/\/tbhelp.org\/wp-content\/uploads\/Sparks-meeting-in-November-2024-150x150.jpg 150w, https:\/\/tbhelp.org\/wp-content\/uploads\/Sparks-meeting-in-November-2024-768x768.jpg 768w, https:\/\/tbhelp.org\/wp-content\/uploads\/Sparks-meeting-in-November-2024-700x700.jpg 700w, https:\/\/tbhelp.org\/wp-content\/uploads\/Sparks-meeting-in-November-2024-500x500.jpg 500w\" sizes=\"(max-width: 1024px) 100vw, 1024px\" \/>\t\t\t\t\t\t\t\t\t\t\t\t\t<\/div>\n\t\t\t\t<\/div>\n\t\t\t\t\t<\/div>\n\t\t<\/div>\n\t\t\t\t\t<\/div>\n\t\t<\/section>\n\t\t\t\t<section class=\"elementor-section elementor-top-section elementor-element elementor-element-210376f elementor-section-boxed elementor-section-height-default elementor-section-height-default\" data-id=\"210376f\" data-element_type=\"section\">\n\t\t\t\t\t\t<div class=\"elementor-container elementor-column-gap-default\">\n\t\t\t\t\t<div class=\"elementor-column elementor-col-100 elementor-top-column elementor-element elementor-element-3d1c663\" data-id=\"3d1c663\" data-element_type=\"column\">\n\t\t\t<div class=\"elementor-widget-wrap elementor-element-populated\">\n\t\t\t\t\t\t<div class=\"elementor-element elementor-element-0792601 elementor-widget elementor-widget-text-editor\" data-id=\"0792601\" data-element_type=\"widget\" data-widget_type=\"text-editor.default\">\n\t\t\t\t<div class=\"elementor-widget-container\">\n\t\t\t\t\t\t\t<p style=\"text-align: center;\">SPARKS-Netzwerktreffen auf der The Union World Conference on Lung Health im November 2024.<\/p>\t\t\t\t\t\t<\/div>\n\t\t\t\t<\/div>\n\t\t\t\t\t<\/div>\n\t\t<\/div>\n\t\t\t\t\t<\/div>\n\t\t<\/section>\n\t\t\t\t<\/div>\n\t\t","protected":false},"excerpt":{"rendered":"<p>SPARKS-Netzwerk FIT beherbergt das Asia Regional Hub des SPARKS-Netzwerks (Social Protection for Action and Research in Knowledge Sharing), einer globalen Zusammenarbeit zur F\u00f6rderung von Forschung, politischem Dialog und der Umsetzung von Strategien der sozialen Sicherung, um die sozialen Determinanten von Tuberkulose (TB) anzugehen. SPARKS war urspr\u00fcnglich am Karolinska Institutet angesiedelt, wo das Netzwerk gegr\u00fcndet und&hellip;&nbsp;<a href=\"https:\/\/tbhelp.org\/?page_id=7232&#038;lang=de\" class=\"\" rel=\"bookmark\">Read More &raquo;<span class=\"screen-reader-text\">SPARKS-Netzwerk<\/span><\/a><\/p>\n","protected":false},"author":5,"featured_media":0,"parent":0,"menu_order":0,"comment_status":"closed","ping_status":"closed","template":"","meta":{"_acf_changed":false,"neve_meta_sidebar":"","neve_meta_container":"","neve_meta_enable_content_width":"","neve_meta_content_width":0,"neve_meta_title_alignment":"","neve_meta_author_avatar":"","neve_post_elements_order":"","neve_meta_disable_header":"","neve_meta_disable_footer":"","neve_meta_disable_title":"","footnotes":""},"acf":[],"_links":{"self":[{"href":"https:\/\/tbhelp.org\/index.php?rest_route=\/wp\/v2\/pages\/7232"}],"collection":[{"href":"https:\/\/tbhelp.org\/index.php?rest_route=\/wp\/v2\/pages"}],"about":[{"href":"https:\/\/tbhelp.org\/index.php?rest_route=\/wp\/v2\/types\/page"}],"author":[{"embeddable":true,"href":"https:\/\/tbhelp.org\/index.php?rest_route=\/wp\/v2\/users\/5"}],"replies":[{"embeddable":true,"href":"https:\/\/tbhelp.org\/index.php?rest_route=%2Fwp%2Fv2%2Fcomments&post=7232"}],"version-history":[{"count":6,"href":"https:\/\/tbhelp.org\/index.php?rest_route=\/wp\/v2\/pages\/7232\/revisions"}],"predecessor-version":[{"id":7512,"href":"https:\/\/tbhelp.org\/index.php?rest_route=\/wp\/v2\/pages\/7232\/revisions\/7512"}],"wp:attachment":[{"href":"https:\/\/tbhelp.org\/index.php?rest_route=%2Fwp%2Fv2%2Fmedia&parent=7232"}],"curies":[{"name":"wp","href":"https:\/\/api.w.org\/{rel}","templated":true}]}}