{"id":18,"date":"2019-12-26T08:07:47","date_gmt":"2019-12-26T08:07:47","guid":{"rendered":"http:\/\/localhost\/fit\/?page_id=18"},"modified":"2024-01-11T02:15:42","modified_gmt":"2024-01-11T02:15:42","slug":"disclaimer","status":"publish","type":"page","link":"https:\/\/tbhelp.org\/?page_id=18","title":{"rendered":"Disclaimer"},"content":{"rendered":"<h2>Disclaimer<\/h2>\n<h2>Required public information in accordance to \u00a7 5 TMG<\/h2>\n<p>Freundeskreis f\u00fcr Internationale Tuberkulosehilfe e.V.<\/p>\n<p>c\/o J\u00f6rg Preuss<br \/>\nWendelsteinstr. 11,<br \/>\n82166 Graefelfing<br \/>\ninfo (at) tbhelp.org<\/p>\n<p><strong>Registration:<\/strong><br \/>\nVereinsregister M\u00fcnchen 204176<\/p>\n<p><strong>Board of Directors:<\/strong><br \/>\nMr. Luan Vo Nguyen Quang<br \/>\nMr. J\u00f6rg Preuss<br \/>\nMr. Markus Greif<br \/>\nMr. Markus Ostern<br \/>\nMs. Rachel Forse<\/p>\n<p><strong>Responsible for journalistic and editorial content as defined by \u00a7 55 II RStV:<\/strong><br \/>\nLuan Vo Nguyen Quang<br \/>\nElmer Weg 5<br \/>\n60386 Frankfurt<br \/>\nluan.vo (at) tbhelp.org<\/p>\n<h3><strong>Limitation of Liability<\/strong><\/h3>\n<p>The contents of this website are created with utmost care. TheFreundeskreis f\u00fcr Internationale Tuberkulosehilfe e.V. (\u201cSociety\u201d) does not warrant the accuracy, completeness or timeliness of the content. As a society we are responsible according to \u00a7 7 paragraph 1 of TMG for our own content on these pages under the general laws. According to \u00a7 \u00a7 8 to 10 TMG we as a society are not obliged to monitor transmitted or stored information or to investigate circumstances that indicate illegal activity. Obligations to remove or block the use of information under the general laws remain unaffected. A liability is only possible from the date of knowledge of a specific infringement. Upon notification of such violations, we will remove the content immediately.<\/p>\n<h3><strong>External Links<\/strong><\/h3>\n<p>This website contains links to third party websites (\u201cexternal links\u201d). The society has no influence on the current and future design and content of linked pages. Therefore, we cannot accept responsibility for the content of these websites. The provider or operator is always responsible for the content of linked pages. The society has made efforts to establish whether there are any legal violations upon the first connection of the external links to the external content. At the time no violations were found. The inclusion of external links does not mean that the society accepts ownership of the content behind the references or links. A permanent control of the contents of these external links is not a reasonable responsibility for the society without concrete evidence of legal violations. With knowledge of rights violations, such external links will be deleted immediately.&#8217;<\/p>\n<h3>Copyright and ancillary rights<\/h3>\n<p>The information published on this website are subject to German copyright and ancillary rights. Each utilization or replication under the German laws governing copyright and ancillary right shall require the prior written consent of the society or the content\u2019s respective owners. This applies in particular to reproduction, adaptation, translation, storage, processing and reproduction of contents in databases or other electronic media and systems. Insofar as the content on this site is created by the operator, the copyrights of third parties are respected. Contents and rights of third parties are marked as such. The unauthorized reproduction or distribution of individual contents or complete pages is prohibited and punishable. Only the production of copies and downloads for personal, private and non-commercial use is permitted. The presentation of this website in external frames is only allowed with written permission. Should you become aware of copyright infringement, we ask for notice. Upon notification of violations, we will remove the content immediately.<\/p>\n<h3><strong>Privacy Policy<\/strong><\/h3>\n<p>The use of our website is usually possible without providing personal information. If personal data (such as name, address or email address) is requested by us, this occurs on a voluntary basis. By visiting the website of the society, however, information about the access (date, time, page viewed) are saved. These data are not personal data, they are anonymous. It is used solely for statistical purposes. We do not pass any personalized customer or anonymous data to third parties for commercial or noncommercial purposes. The society would like to emphasize that the data on the internet (e.g., communication by e-mail) is exposed to security vulnerabilities and cannot be<br \/>\ncompletely protected against access by third parties. The use of the contact information presented on this website for commercial purposes is expressly not allowed, unless the society has given his written consent or there is already a business relationship. The society and all persons named on this website hereby object to any commercial use and disclosure of their data. The site operators reserve the right to take legal action in case of unsolicited advertising such as spam e-mails.<\/p>\n<h3>Special conditions of use<\/h3>\n<p>The paragraphs above govern all aspects of the use of this website unless otherwise noted at the appropriate junctures. In this case, in each individual case, the specific conditions of use overrule the conditions listed above. All rights reserved. Prior written permission from the Freundeskreis f\u00fcr Internationale Tuberkulosehilfe e.V. required for reproduction by any means.<\/p>\n","protected":false},"excerpt":{"rendered":"<p>Disclaimer Required public information in accordance to \u00a7 5 TMG Freundeskreis f\u00fcr Internationale Tuberkulosehilfe e.V. c\/o J\u00f6rg Preuss Wendelsteinstr. 11, 82166 Graefelfing info (at) tbhelp.org Registration: Vereinsregister M\u00fcnchen 204176 Board of Directors: Mr. Luan Vo Nguyen Quang Mr. J\u00f6rg Preuss Mr. Markus Greif Mr. Markus Ostern Ms. Rachel Forse Responsible for journalistic and editorial content&hellip;&nbsp;<a href=\"https:\/\/tbhelp.org\/?page_id=18\" class=\"\" rel=\"bookmark\">Read More &raquo;<span class=\"screen-reader-text\">Disclaimer<\/span><\/a><\/p>\n","protected":false},"author":2,"featured_media":0,"parent":0,"menu_order":0,"comment_status":"closed","ping_status":"closed","template":"","meta":{"_acf_changed":false,"neve_meta_sidebar":"","neve_meta_container":"","neve_meta_enable_content_width":"","neve_meta_content_width":0,"neve_meta_title_alignment":"","neve_meta_author_avatar":"","neve_post_elements_order":"","neve_meta_disable_header":"","neve_meta_disable_footer":"","neve_meta_disable_title":"","footnotes":""},"acf":[],"_links":{"self":[{"href":"https:\/\/tbhelp.org\/index.php?rest_route=\/wp\/v2\/pages\/18"}],"collection":[{"href":"https:\/\/tbhelp.org\/index.php?rest_route=\/wp\/v2\/pages"}],"about":[{"href":"https:\/\/tbhelp.org\/index.php?rest_route=\/wp\/v2\/types\/page"}],"author":[{"embeddable":true,"href":"https:\/\/tbhelp.org\/index.php?rest_route=\/wp\/v2\/users\/2"}],"replies":[{"embeddable":true,"href":"https:\/\/tbhelp.org\/index.php?rest_route=%2Fwp%2Fv2%2Fcomments&post=18"}],"version-history":[{"count":12,"href":"https:\/\/tbhelp.org\/index.php?rest_route=\/wp\/v2\/pages\/18\/revisions"}],"predecessor-version":[{"id":4359,"href":"https:\/\/tbhelp.org\/index.php?rest_route=\/wp\/v2\/pages\/18\/revisions\/4359"}],"wp:attachment":[{"href":"https:\/\/tbhelp.org\/index.php?rest_route=%2Fwp%2Fv2%2Fmedia&parent=18"}],"curies":[{"name":"wp","href":"https:\/\/api.w.org\/{rel}","templated":true}]}}